 14504 is divided by 63.
14
What is the remainder when 15300 is divided by 7613?
74
What is the remainder when 1954 is divided by 89?
85
What is the remainder when 23095 is divided by 7627?
214
What is the remainder when 15163 is divided by 840?
43
What is the remainder when 5091 is divided by 1659?
114
What is the remainder when 16377 is divided by 10?
7
What is the remainder when 120536 is divided by 20089?
2
What is the remainder when 19356 is divided by 3127?
594
Calculate the remainder when 4918 is divided by 444.
34
What is the remainder when 120996 is divided by 32?
4
Calculate the remainder when 11571 is divided by 819.
105
What is the remainder when 45967 is divided by 2701?
50
What is the remainder when 201873 is divided by 49?
42
What is the remainder when 114135 is divided by 202?
5
Calculate the remainder when 9035 is divided by 67.
57
Calculate the remainder when 57937 is divided by 93.
91
What is the remainder when 89805 is divided by 7482?
21
What is the remainder when 19611 is divided by 495?
306
Calculate the remainder when 1813 is divided by 649.
515
What is the remainder when 75584 is divided by 12?
8
Calculate the remainder when 659397 is divided by 7.
4
What is the remainder when 73971 is divided by 18474?
75
Calculate the remainder when 1740371 is divided by 13.
9
What is the remainder when 14405 is divided by 576?
5
What is the remainder when 2895 is divided by 599?
499
Calculate the remainder when 17035 is divided by 3399.
40
Calculate the remainder when 6944 is divided by 2268.
140
Calculate the remainder when 46271 is divided by 460.
271
What is the remainder when 29057 is divided by 323?
310
Calculate the remainder when 13119 is divided by 44.
7
Calculate the remainder when 13705 is divided by 298.
295
Calculate the remainder when 1760 is divided by 438.
8
What is the remainder when 25583 is divided by 692?
671
Calculate the remainder when 308399 is divided by 44055.
14
Calculate the remainder when 218527 is divided by 205.
202
What is the remainder when 110110 is divided by 62?
60
What is the remainder when 47773 is divided by 245?
243
What is the remainder when 406188 is divided by 44?
24
What is the remainder when 36916 is divided by 12298?
22
What is the remainder when 24676 is divided by 1031?
963
Calculate the remainder when 35905 is divided by 11965.
10
Calculate the remainder when 51810 is divided by 609.
45
What is the remainder when 272146 is divided by 6?
4
Calculate the remainder when 923613 is divided by 28862.
29
What is the remainder when 24631 is divided by 1641?
16
What is the remainder when 1813 is divided by 79?
75
What is the remainder when 9986 is divided by 92?
50
Calculate the remainder when 1315 is divided by 652.
11
What is the remainder when 1621 is divided by 1474?
147
What is the remainder when 7713 is divided by 1926?
9
Calculate the remainder when 627645 is divided by 8.
5
Calculate the remainder when 1654 is divided by 291.
199
What is the remainder when 166956 is divided by 13?
10
Calculate the remainder when 35923 is divided by 36.
31
What is the remainder when 5620 is divided by 2553?
514
What is the remainder when 8231 is divided by 188?
147
Calculate the remainder when 1084857 is divided by 626.
625
What is the remainder when 15616 is divided by 225?
91
Calculate the remainder when 100462 is divided by 14350.
12
Calculate the remainder when 24793 is divided by 1239.
13
What is the remainder when 55271 is divided by 141?
140
Calculate the remainder when 8644 is divided by 2831.
151
What is the remainder when 9549 is divided by 3090?
279
What is the remainder when 53231 is divided by 819?
815
What is the remainder when 4262 is divided by 241?
165
What is the remainder when 3648 is divided by 232?
168
Calculate the remainder when 9976 is divided by 28.
8
Calculate the remainder when 4052 is divided by 201.
32
Calculate the remainder when 44925 is divided by 18.
15
Calculate the remainder when 2196 is divided by 456.
372
Calculate the remainder when 1894 is divided by 284.
190
Calculate the remainder when 75977 is divided by 162.
161
What is the remainder when 112512 is divided by 155?
137
What is the remainder when 71811 is divided by 5982?
27
Calculate the remainder when 199 is divided by 187.
12
What is the remainder when 47371 is divided by 15785?
16
What is the remainder when 179 is divided by 54?
17
What is the remainder when 702448 is divided by 117074?
4
Calculate the remainder when 44588 is divided by 14.
12
What is the remainder when 619 is divided by 335?
284
Calculate the remainder when 231 is divided by 127.
104
What is the remainder when 95528 is divided by 23879?
12
Calculate the remainder when 52584 is divided by 271.
10
Calculate the remainder when 19288 is divided by 206.
130
What is the remainder when 1350 is divided by 1019?
331
Calculate the remainder when 17642 is divided by 5726.
464
Calculate the remainder when 3683 is divided by 1219.
26
Calculate the remainder when 423911 is divided by 51.
50
What is the remainder when 942367 is divided by 392?
391
What is the remainder when 468 is divided by 126?
90
Calculate the remainder when 8504 is divided by 171.
125
What is the remainder when 3422 is divided by 399?
230
Calculate the remainder when 21865 is divided by 29.
28
What is the remainder when 80860 is divided by 67?
58
Calculate the remainder when 17664 is divided by 8333.
998
What is the remainder when 2730 is divided by 77?
35
What is the remainder when 239 is divided by 78?
5
What is the remainder when 19884 is divided by 173?
162
Calculate the remainder when 46037 is divided by 12.
5
Calculate the remainder when 4365105 is divided by 66.
63
Calculate the remainder when 5248 is divided by 24.
16
Calculate the remainder when 204785 is divided by 367.
366
Calculate the remainder when 29375 is divided by 7327.
67
What is the remainder when 3191 is divided by 529?
17
What is the remainder when 39083 is divided by 6466?
287
What is the remainder when 1870 is divided by 426?
166
What is the remainder when 34725 is divided by 451?
449
What is the remainder when 669 is divided by 249?
171
Calculate the remainder when 284 is divided by 156.
128
Calculate the remainder when 1093 is divided by 122.
117
Calculate the remainder when 74049 is divided by 497.
493
Calculate the remainder when 122423 is divided by 159.
152
Calculate the remainder when 95526 is divided by 480.
6
Calculate the remainder when 13105 is divided by 770.
15
Calculate the remainder when 810 is divided by 56.
26
Calculate the remainder when 555130 is divided by 12.
10
Calculate the remainder when 35740 is divided by 8933.
8
Calculate the remainder when 4867 is divided by 26.
5
What is the remainder when 647079 is divided by 280?
279
What is the remainder when 9128 is divided by 179?
178
What is the remainder when 2649 is divided by 9?
3
Calculate the remainder when 445085 is divided by 194.
49
Calculate the remainder when 175765 is divided by 930.
925
What is the remainder when 987 is divided by 322?
21
What is the remainder when 1268 is divided by 334?
266
What is the remainder when 7345 is divided by 921?
898
What is the remainder when 50779 is divided by 26?
1
What is the remainder when 5377 is divided by 709?
414
Calculate the remainder when 4015 is divided by 63.
46
What is the remainder when 1398 is divided by 353?
339
What is the remainder when 27486 is divided by 213?
9
What is the remainder when 8015 is divided by 7958?
57
What is the remainder when 309957 is divided by 24?
21
Calculate the remainder when 5149 is divided by 2551.
47
What is the remainder when 7313 is divided by 2380?
173
Calculate the remainder when 178 is divided by 68.
42
Calculate the remainder when 9144 is divided by 1140.
24
Calculate the remainder when 3821 is divided by 1857.
107
Calculate the remainder when 44785 is divided by 1198.
459
Calculate the remainder when 43705 is divided by 209.
24
Calculate the remainder when 415223 is divided by 103803.
11
Calculate the remainder when 14295 is divided by 4592.
519
Calculate the remainder when 13736 is divided by 6804.
128
What is the remainder when 13374 is divided by 598?
218
What is the remainder when 15623 is divided by 2594?
59
What is the remainder when 188940